s 247529 a prime number?
True
Is 423931 composite?
False
Is 1361069 a composite number?
False
Is 1117657 prime?
True
Is 1623547 a composite number?
True
Is 556217 a prime number?
False
Is 21121 a prime number?
True
Is 224101 a prime number?
True
Is 481291 prime?
False
Is 16253 a prime number?
True
Is 103331 composite?
True
Is 46459 prime?
False
Is 179093 a composite number?
True
Is 895 a composite number?
True
Is 66523 composite?
False
Is 51631 a prime number?
True
Is 84559 composite?
False
Is 2249293 composite?
False
Is 583337 prime?
True
Is 192917 a composite number?
False
Is 909417 composite?
True
Is 137203 prime?
False
Is 385883 prime?
False
Is 1227523 a prime number?
False
Is 717841 composite?
False
Is 5645 a prime number?
False
Is 116483 a prime number?
True
Is 528131 a prime number?
True
Is 10687 a composite number?
False
Is 77627 a composite number?
True
Is 62503 a composite number?
True
Is 4181 a prime number?
False
Is 40031 a prime number?
True
Is 901 composite?
True
Is 15427 a composite number?
False
Is 17377 a composite number?
False
Is 33599 composite?
False
Is 33287 a prime number?
True
Is 105137 a prime number?
True
Is 22513 a composite number?
True
Is 6953353 a composite number?
True
Is 132043 a composite number?
True
Is 6007 prime?
True
Is 3593 a composite number?
False
Is 441326 a prime number?
False
Is 788081 prime?
False
Is 633739 a prime number?
True
Is 56437 composite?
False
Is 67495 a prime number?
False
Is 16669 prime?
False
Is 42263 composite?
True
Is 317209 composite?
False
Is 1439 composite?
False
Is 7901 composite?
False
Is 3589 composite?
True
Is 23137 prime?
False
Is 10709 a prime number?
True
Is 14431 a composite number?
False
Is 2764909 a prime number?
False
Is 306149 composite?
False
Is 725885 a composite number?
True
Is 24169 a prime number?
True
Is 667921 prime?
True
Is 15557 a prime number?
False
Is 203803 prime?
False
Is 1219 a composite number?
True
Is 13811 a composite number?
True
Is 8657 a composite number?
True
Is 325919 prime?
False
Is 78569 prime?
True
Is 155037 a prime number?
False
Is 56263 prime?
True
Is 405947 a composite number?
False
Is 28453 prime?
False
Is 2743 prime?
False
Is 472858 a prime number?
False
Is 649 composite?
True
Is 1187 a prime number?
True
Is 10729 prime?
True
Is 652117 a composite number?
False
Is 298087 a prime number?
True
Is 14081 a composite number?
False
Is 559967 composite?
False
Is 208921 prime?
False
Is 21026 composite?
True
Is 8279 a composite number?
True
Is 6341 a prime number?
False
Is 34403 composite?
False
Is 250681 a prime number?
True
Is 4117 a prime number?
False
Is 1399 composite?
False
Is 48731 a composite number?
False
Is 9349 a prime number?
True
Is 27095 prime?
False
Is 12131 a composite number?
True
Is 2554 prime?
False
Is 473855 a prime number?
False
Is 114613 prime?
True
Is 114113 a composite number?
False
Is 943 prime?
False
Is 39477 a composite number?
True
Is 862157 prime?
True
Is 15685 a composite number?
True
Is 13709 composite?
False
Is 454819 prime?
False
Is 240469 a composite number?
True
Is 2999 prime?
True
Is 70979 a composite number?
False
Is 379 a prime number?
True
Is 138139 composite?
False
Is 3959 a composite number?
True
Is 695 a composite number?
True
Is 365567 a prime number?
True
Is 400961 prime?
False
Is 31687 a composite number?
False
Is 19919 a prime number?
True
Is 262553 composite?
False
Is 72113 a composite number?
True
Is 237959 a prime number?
True
Is 1704995 prime?
False
Is 10307 a prime number?
False
Is 84629 a composite number?
False
Is 707189 prime?
False
Is 37951 prime?
True
Is 14299 a prime number?
False
Is 61431 a composite number?
True
Is 453689 composite?
True
Is 7369 a composite number?
False
Is 15877 composite?
False
Is 358661 prime?
False
Is 41893 a composite number?
False
Is 116031 a composite number?
True
Is 32455 a prime number?
False
Is 1115 prime?
False
Is 65414 prime?
False
Is 2429 a prime number?
False
Is 4327 composite?
False
Is 4132769 a composite number?
False
Is 2626891 prime?
False
Is 1516069 a prime number?
False
Is 1068982 prime?
False
Is 45091 a prime number?
False
Is 52021 composite?
False
Is 7339 prime?
False
Is 358349 composite?
False
Is 50239 composite?
True
Is 20921 prime?
True
Is 27127 a prime number?
True
Is 1366791 prime?
False
Is 5113 prime?
True
Is 25861 composite?
True
Is 196309 prime?
False
Is 53101 a prime number?
True
Is 25399 a prime number?
False
Is 179317 prime?
True
Is 137273 prime?
True
Is 527431 a composite number?
True
Is 7745 a composite number?
True
Is 109381 prime?
False
Is 69605 composite?
True
Is 55749 prime?
False
Is 1285021 a composite number?
False
Is 863047 a prime number?
True
Is 4963 prime?
False
Is 485359 a composite number?
True
Is 14959 prime?
False
Is 2521 a prime number?
True
Is 400333 a prime number?
False
Is 12707 a composite number?
True
Is 13349 a composite number?
True
Is 6773 a prime number?
False
Is 197609 a composite number?
False
Is 278459 prime?
True
Is 5407 prime?
True
Is 126173 a prime number?
True
Is 791869 a composite number?
True
Is 1418 a prime number?
False
Is 32647 a composite number?
False
Is 85381 a prime number?
True
Is 23549 a prime number?
True
Is 32233 composite?
False
Is 1297091 a prime number?
True
Is 10303 prime?
True
Is 158843 prime?
True
Is 50321 a prime number?
True
Is 308809 a composite number?
False
Is 44327 prime?
False
Is 93463 a prime number?
True
Is 6953 a composite number?
True
Is 843629 a prime number?
True
Is 45989 a composite number?
False
Is 50818 a prime number?
False
Is 186695 a prime number?
False
Is 440117 a composite number?
True
Is 96643 composite?
False
Is 53473 a composite number?
True
Is 23381 a prime number?
False
Is 1289221 prime?
False
Is 331685 a prime number?
False
Is 4629 a prime number?
False
Is 10297 composite?
True
Is 5981 composite?
False
Is 17285 composite?
True
Is 3407 a composite number?
False
Is 1799 prime?
False
Is 62513 prime?
False
Is 81749 composite?
False
Is 108321 a composite number?
True
Is 21419 composite?
False
Is 86069 a composite number?
False
Is 79531 a composite number?
False
Is 40813 prime?
True
Is 22259 a composite number?
False
Is 10277 a composite number?
True
Is 20455 composite?
True
Is 13331 a composite number?
False
Is 132955 a composite number?
True
Is 73591 a prime number?
False
Is 4049 a prime number?
True
Is 76303 prime?
True
Is 997 a prime number?
True
Is 9874 a composite number?
True
Is 10555 a composite number?
True
Is 12517 a prime number?
True
Is 3787 a prime number?
False
Is 111721 a composite number?
False
Is 576287 a composite number?
False
Is 32467 a composite number?
False
Is 7997 a prime number?
False
Is 2708981 a composite number?
True
Is 350317 composite?
True
Is 2101 prime?
False
Is 3856807 a prime number?
False
Is 137877 a composite number?
True
Is 1003027 composite?
True
Is 5755 prime?
False
Is 58649 a prime number?
False
Is 27733 prime?
True
Is 12929 composite?
True
Is 45119 composite?
False
Is 394 composite?
True
Is 56843 composite?
False
Is 113933 a composite number?
False
Is 1530497 prime?
False
Is 503543 prime?
True
Is 35963 a composite number?
False
Is 19277 a prime number?
False
Is 75903 prime?
False
Is 255313 a composite number?
False
Is 143107 a composite number?
False
Is 104869 a composite number?
False
Is 3607 a prime number?
True
Is 21961 a prime number?
True
Is 389783 a composite number?
False
Is 26759 composite?
False
Is 2719 composite?
False
Is 322169 prime?
True
Is 50773 composite?
False
Is 19291 prime?
False
Is 14591 a composite number?
False
Is 108791 prime?
True
Is 627979 composite?
True
Is 42797 prime?
True
Is 110477 prime?
True
Is 301487 a composite number?
False
Is 348487 prime?
True
Is 705437 prime?
True
Is 30223 prime?
True
Is 510751 prime?
True
Is 25319 composite?
True
Is 2383 prime?
True
Is 1921 prime?
False
Is 12514 a composite number?
True
Is 129953 a prime number?
True
Is 677 a prime number?
True
Is 2533193 a composite number?
True
Is 59249 a composite number?
True
Is 53419 a prime number?
True
Is 89491 a prime number?
True
Is 130199 composite?
False
Is 9803 composite?
False
Is 1114115 composite?
True
Is 2683 a composite number?
False
Is 6098 a composite number?
True
Is 7151 a composite number?
False
Is 22853 composite?
False